 -10*g + 5*g + 195. What are the prime factors of (3 + -2)/(3/g)?
13
Suppose 4*s + 1 = 2*a + 9, -2*s - 4*a = 16. Suppose -2 = 2*o - s. What are the prime factors of ((-4)/o + -3)*7?
7
Suppose 5 = 2*r - 1. List the prime factors of r.
3
Suppose 3*o = -2*t - 2*t - 25, -4*o - 31 = 3*t. Let g = -4 - o. What are the prime factors of g?
3
List the prime factors of ((-48)/9)/(3/(-9)).
2
Suppose 3*u - 83 - 115 = 0. Suppose -u = 3*o - 24. What are the prime factors of o*(0 - -3)/(-6)?
7
Suppose -6*m + 204 + 366 = 0. List the prime factors of m.
5, 19
Let i(b) = 3*b**2 - 2*b. Let f be i(3). Suppose 0 = 5*v + 1 - f. What are the prime factors of v?
2
List the prime factors of ((-15)/(-9))/(1/18).
2, 3, 5
Let t be (-47)/4 + 3/(-12). What are the prime factors of (2 - -1)/(t/(-16))?
2
Let g be ((-16)/12)/((-2)/(-42)). Let u = 55 + g. List the prime factors of 144/u*(3 + 0).
2
Let x(j) = -2*j**3 - 3*j**2 + 1. Let t be x(-2). Let y = -2 + t. What are the prime factors of y?
3
Suppose -k + 0 = -2. List the prime factors of -2*((-19)/k + 3).
13
Let j be (-1)/1*(1 + -3). Let l = 3 - 5. What are the prime factors of ((-4)/j)/(l/7)?
7
Let z = 7 - 3. Suppose 3*c - 13 - 8 = z*p, c - 2 = 3*p. What are the prime factors of c?
11
Let w(p) = p**2 + 4*p - 6. List the prime factors of w(5).
3, 13
Let i(r) = -r - 5. Let h be i(-3). Let v be (-10)/6 - h/(-6). Let g(a) = -2*a**3 - 3*a**2 - 3*a - 1. List the prime factors of g(v).
3
Suppose 3*j + v + 116 = 0, 5*v = 3*j + 2*v + 96. Let q = -20 - j. What are the prime factors of q?
17
Let y be ((-4)/(-10))/(1/5). Let b(o) = 2*o**y - 4*o**2 - o - 9*o**3 + o**2. List the prime factors of b(-1).
3
Suppose 3*o - 2*w + 22 = 0, 4*w - 9 = -4*o - w. Suppose 4*a = 12 + 44. Let c = o + a. What are the prime factors of c?
2, 5
Suppose -3*g + 51 = -114. List the prime factors of g.
5, 11
Suppose -3 = 3*s + 6. Let o = 9 - s. List the prime factors of o.
2, 3
Let g(u) be the third derivative of -u**4/8 - u**3/6 + u**2. What are the prime factors of g(-4)?
11
Let x(m) = -m**3 - 3*m**2 + 3. Let a be x(-3). Suppose 12 = -a*d + 51. What are the prime factors of d?
13
Suppose -2*z = 2*z - 20. Let i(m) = -m**2 + 4*m + 7. Let g be i(z). Suppose -g*t - t + 18 = 0. What are the prime factors of t?
2, 3
Let z(r) be the second derivative of 0 + r + 2/3*r**3 - 1/3*r**4 - 1/2*r**2 - 1/20*r**5. What are the prime factors of z(-5)?
2
Let j = 10 + -23. Let s be (-21 - 0) + -2 + 0. Let t = j - s. What are the prime factors of t?
2, 5
Let n = 2 + 3. Suppose 8*t = n*t + 81. List the prime factors of t.
3
Let d be ((-6)/4)/((-6)/8). List the prime factors of d/7 - (-26)/7.
2
Suppose -3*i + 0*i = 0. Let p(q) = -q**2 + 38*q - 38*q + 3*q**3 - 2*q**3 + 8. What are the prime factors of p(i)?
2
Suppose -5*v + 4*y = -158, y + 29 = 2*v - 36. What are the prime factors of v?
2, 17
Suppose -8*p + 3*p = -5. Suppose -p - 7 = 2*i. What are the prime factors of i/20 + (-31)/(-5)?
2, 3
Suppose -2*h = -4*p + 72, -p = -0*p + 2*h - 23. List the prime factors of p.
19
Suppose -2*q = 14 - 120. List the prime factors of q.
53
Suppose 5*g - 138 = 432. Suppose 0 = -0*u - 3*u - 3*b + g, 5*u - 3*b = 230. What are the prime factors of u?
43
Let v(r) = 13*r**2 + 31*r + 20. Let t(a) = 3*a**2 + 8*a + 5. Let j(z) = -9*t(z) + 2*v(z). What are the prime factors of j(-9)?
2
Suppose 5*t - o = -114 - 18, -t - 2*o = 33. Let v = 44 + t. List the prime factors of v.
17
Let v(w) = -w**2 + 2*w + 1. Let d be v(2). Let s be 3/(-6)*(-32)/d. Suppose -42 = -2*x - 4*z, 0 = -x + 2*z - 3*z + s. What are the prime factors of x?
11
Let l be ((-3)/(-2))/3*12. Let h(i) = -i**3 - i - 1. Let j(p) = -p**3 - 5*p**2 - 7*p - 6. Let t(b) = -2*h(b) + j(b). List the prime factors of t(l).
2
Let h be 3/9 + (-56)/6. Let d be (h/(-4))/((-2)/(-8)). List the prime factors of d/4 - (-1)/(-4).
2
Let h be (-2)/4*-8 - 2. Suppose 3*k = 6*k, -35 = 5*m + h*k. Let f = 11 + m. List the prime factors of f.
2
Let r(t) = -t**3 + 7*t**2 + t + 9. Let n be r(7). Suppose n = 3*b + 4. Suppose -6*c + b*c + 26 = 0. List the prime factors of c.
13
Suppose -x - k = -0*k - 8, 0 = 2*x - k - 4. List the prime factors of x.
2
Let a(i) = -38*i - 3. Let m be a(-4). Let k be m/5 + 5/25. Suppose 2*n = 5*j + 31, k - 8 = 2*n - 2*j. List the prime factors of n.
2
Suppose -52 = w + 4*w - 3*c, -28 = 4*w + c. Let q(f) = f**3 + 7*f**2 - 10*f - 7. Let y be q(w). Suppose -y*x + 6*x + 15 = 0. What are the prime factors of x?
5
Let w(p) be the third derivative of p**5/60 - p**4/24 + 2*p**3/3 - 5*p**2. List the prime factors of w(6).
2, 17
Let t = 7 - 4. Suppose 31 = t*u - 20. What are the prime factors of u?
17
Let f be 0*(-1)/(-2 + 0). Let o(h) = 2*h**2 - 2*h + 1. Let x(y) = -y**2 + y - 1. Let u(n) = -3*o(n) - 5*x(n). What are the prime factors of u(f)?
2
Let q(v) = 2*v - 6. Let j be q(5). Suppose j*m - u = 2*u + 39, -26 = -m + 4*u. What are the prime factors of ((-26)/(-4))/(3/m)?
13
Let z be (1 - (-12)/(-3)) + -2. Let w = z - -5. Suppose -3*i + 8 = -w*i - 4*r, 0 = i - 2*r. What are the prime factors of i?
2
Let w = 6 + -4. Suppose 252 = 5*v - 4*l, w*v - 132 = -v - 4*l. Suppose 4*z - v = -0*z. What are the prime factors of z?
2, 3
Let h be -1 + 1 + 6 + 1. Suppose -1 = -4*t + h. Suppose t*i = -5*y + 36, -4 = -i - 0*i + y. List the prime factors of i.
2
Let w(a) = -a**3 - a + 2. List the prime factors of w(0).
2
Let u = -46 + 101. What are the prime factors of u?
5, 11
Let v(k) = -k**3 + k**2 + 2*k. Let c be v(2). Suppose c = p - 0*p. Suppose -3*l + 2 + 19 = p. What are the prime factors of l?
7
Suppose 0 = -2*x + 751 - 179. What are the prime factors of x?
2, 11, 13
Suppose 0 = -6*n + 3*n. Suppose b + n*b = 4*z - 8, 5*b + 4*z = 32. Suppose -d - 73 = -4*i, 2 = -i - b*d - 1. What are the prime factors of i?
17
Let h(u) be the second derivative of u**3/6 + 3*u**2 + u. List the prime factors of h(0).
2, 3
Let b be (-3 + 1)/((-2)/(-12)). Let p be -2*(2 - 3) + b. Let v = -2 - p. What are the prime factors of v?
2
Suppose 0 + 21 = 3*w. Suppose -3*n = -n + 2*m - 2, -w = -3*n - 2*m. Suppose -n*z - 8 + 38 = 0. What are the prime factors of z?
2, 3
Let d be 2/6 + (-26)/(-39). Let m = 1 + d. What are the prime factors of m?
2
Let m be (-2)/(1 + 1) - -1. Suppose 2*w - 4 = -m*w. What are the prime factors of w?
2
Suppose 4*q = -96 + 408. What are the prime factors of q?
2, 3, 13
Let s(b) = -b**3 - 4*b**2 - 2*b - 6. Let j be s(-4). Suppose 0 = j*x - x - 3. What are the prime factors of -2 - 1/(x/(-27))?
7
Suppose 9 = 2*l - l. Suppose 3*a - 321 = -4*x, 5*a - 2*a - l = 0. List the prime factors of 1/1*x/6.
13
Let u(o) = o**2 - 7. Let a be u(0). Let x = a + 8. Suppose -x = j - 8. List the prime factors of j.
7
Let a(s) = -s**3 + 15*s**2 - 13*s + 21. What are the prime factors of a(14)?
5, 7
Suppose 5*n = -0*n. List the prime factors of -1 + n - (-24 - -1).
2, 11
Let l = -10 - -39. Suppose 40 = 3*n - l. List the prime factors of n.
23
Let u be -44 + 2 + (2 - 2). Let p = -30 - u. What are the prime factors of p?
2, 3
Let i be (-45)/(9*(-1)/(-6)). Let c = i - -43. What are the prime factors of c?
13
Let a = -9 - -55. Suppose 4*k + 4*i - 212 = 0, 4*i - 16 = -k + a. List the prime factors of k.
2, 5
Suppose -q = -5*a + 21, 0 = 3*a - 0*a - 5*q + 5. Suppose -a*f + 24 = -36. What are the prime factors of f?
2, 3
Let l(y) = -y - 4. Let i be l(-4). Suppose i = -2*w + w + 6. List the prime factors of w.
2, 3
Let m = -19 - -22. Suppose -m*c + 55 = -5*w, -39 + 14 = -5*c - 5*w. What are the prime factors of c?
2, 5
Suppose -j = -5*j + 2*b + 84, 4*b + 88 = 4*j. What are the prime factors of j?
2, 5
Suppose j - 2 + 0 = 0. Let h = 4 - 2. Suppose -2*v = -h*n + 4, j*v + 0*v = -3*n + 31. List the prime factors of n.
7
Let b be 1*((-2 - -4) + -1). List the prime factors of (3 - b) + 1 + 7.
2, 5
Suppose -1 = v - 71. List the prime factors of v.
2, 5, 7
Let f(j) = 5 + 4 - 3 - 5 + 2*j**2. Let s be f(1). Suppose -60 = -4*t + 4*o, 5*o = s*o. List the prime factors of t.
3, 5
Suppose -m = -6*m + 10. Suppose -4*j + m*b = -16, 0 = j + j + 3*b. List the prime factors of j.
3
Suppose -19 = -m - n - 5, 30 = 2*m + n. Let k = 0 - 0. Suppose m = 5*t - 2*u - 15, k = 3*t - 4*u - 27. List the prime factors of t.
5
Let j(h) = -h + 9. Let y be j(7). Let r be 27/1 - (1 + -3). Suppose s + 4*s - r = -2*a, a = y*s - 17